1
In base 10, what is -14 - -9?
-5
In base 8, what is -46 + -2?
-50
In base 13, what is -8a - 3?
-90
In base 3, what is 101 - -10021?
10122
In base 12, what is 5 + 2838?
2841
In base 7, what is 2 - 5406?
-5404
In base 15, what is 4e5 - 4?
4e1
In base 12, what is 5 + -1?
4
In base 7, what is 6620 + -2?
6615
In base 9, what is 1682 + -5?
1676
In base 16, what is -9b0 + -4?
-9b4
In base 2, what is -10 - 10011011111?
-10011100001
In base 2, what is -10101 + 1111?
-110
In base 5, what is -104 - 314?
-423
In base 12, what is -22 - -33a?
318
In base 11, what is -129 - 16?
-144
In base 7, what is -325 - 5?
-333
In base 5, what is 4 - 20043?
-20034
In base 10, what is -2 - -2568?
2566
In base 3, what is -2 + 11100?
11021
In base 16, what is -11ff + -3?
-1202
In base 11, what is -1 + 15?
14
In base 3, what is -2200102 + -1?
-2200110
In base 12, what is -7a + -6a?
-128
In base 10, what is 0 - 953?
-953
In base 11, what is a + -739?
-72a
In base 5, what is 141 - 4?
132
In base 6, what is -13202 + 3?
-13155
In base 5, what is 4122 + -3?
4114
In base 9, what is 147 + 1?
148
In base 13, what is 1c7 + -2?
1c5
In base 11, what is 2 - 1064?
-1062
In base 12, what is -bb3b + -2?
-bb41
In base 2, what is 10111111110111 + -101?
10111111110010
In base 13, what is 48b - -21?
4ac
In base 2, what is -1000100101 - 11?
-1000101000
In base 2, what is 101 + -11011101011?
-11011100110
In base 15, what is -221 - a?
-22b
In base 2, what is -11111 - 1001?
-101000
In base 16, what is -2 + -9a?
-9c
In base 14, what is d75 + 3?
d78
In base 6, what is 2 - -252?
254
In base 7, what is -4123 + 0?
-4123
In base 10, what is -481 + 11?
-470
In base 15, what is -3 + -3b?
-3e
In base 15, what is -5e - -6?
-58
In base 8, what is -3 + 311?
306
In base 7, what is -5602 - 1?
-5603
In base 15, what is -6 + -43?
-49
In base 15, what is -36b1 + 0?
-36b1
In base 5, what is -4223 - -10?
-4213
In base 15, what is 4667 - 1?
4666
In base 15, what is -135a - 2?
-135c
In base 14, what is 1954 + -3?
1951
In base 11, what is 16 + -553?
-538
In base 8, what is -7 + -2?
-11
In base 6, what is -105031 + -3?
-105034
In base 7, what is 22 - 22?
0
In base 13, what is -2ac - 1?
-2b0
In base 4, what is 2033 - 1?
2032
In base 13, what is -3 + -17?
-1a
In base 14, what is -4d + 4?
-49
In base 12, what is 13 - -2?
15
In base 12, what is 19382 + -5?
19379
In base 16, what is -5 - 117?
-11c
In base 16, what is -d - -ae?
a1
In base 5, what is -1211 + -12?
-1223
In base 11, what is 0 + -334?
-334
In base 2, what is 100011010 - -110110?
101010000
In base 2, what is 101 - 1011111?
-1011010
In base 9, what is 1 + 5?
6
In base 14, what is -4 - 3d?
-43
In base 16, what is -5 - 87?
-8c
In base 10, what is 975 + 1?
976
In base 11, what is 74a + 5?
754
In base 14, what is -39a + -1?
-39b
In base 6, what is -1 - 113?
-114
In base 4, what is 3 + -1003301?
-1003232
In base 15, what is 16 + -30?
-19
In base 14, what is 7 - -12?
19
In base 11, what is 1a5a - 4?
1a56
In base 14, what is -5 + ad?
a8
In base 8, what is 467 - 0?
467
In base 14, what is -3 + 585?
582
In base 11, what is 21a1 - 3?
2199
In base 5, what is 3121 - -4?
3130
In base 10, what is 5 + 601?
606
In base 7, what is -2062 + -2?
-2064
In base 11, what is -2 + -24?
-26
In base 6, what is -1 - 23011?
-23012
In base 15, what is 26 + -42?
-1b
In base 2, what is -111100000 + 101?
-111011011
In base 10, what is 90 + 4?
94
In base 4, what is -11121000 + 1?
-11120333
In base 6, what is -101104 + 4?
-101100
In base 8, what is -6 - 12262?
-12270
In base 5, what is 0 + -2011?
-2011
In base 9, what is -22 - 42?
-64
In base 16, what is 355 - 5?
350
In base 7, what is -314 - 2?
-316
In base 6, what is -3 - 35?
-42
In base 9, what is 3 - -6334?
6337
In base 9, what is 4 + 1311?
1315
In base 5, what is -4 + -104?
-113
In base 11, what is 13 - -7?
1a
In base 15, what is 17 - 7?
10
In base 10, what is 915 - -2?
917
In base 12, what is -11 - b0?
-101
In base 13, what is 2 - 2a05?
-2a03
In base 6, what is 0 + -5340?
-5340
In base 15, what is 27 - -28?
50
In base 12, what is 3421 + -1?
3420
In base 10, what is 24 + -4?
20
In base 10, what is 1120 - -2?
1122
In base 2, what is -10 + -100100?
-100110
In base 5, what is 130024 + -4?
130020
In base 6, what is -25 + 313?
244
In base 6, what is 21 + 2042?
2103
In base 4, what is 32 + -121031?
-120333
In base 7, what is 1610 + 30?
1640
In base 10, what is -9 + 132?
123
In base 4, what is 3 - 1200?
-1131
In base 7, what is -43 - -22?
-21
In base 3, what is -10210 - -12012?
1102
In base 11, what is -83 + 12?
-71
In base 4, what is 212300 + -11?
212223
In base 10, what is 319 + -34?
285
In base 2, what is 11 + -10111101100?
-10111101001
In base 5, what is 440003 - -10?
440013
In base 15, what is 99 - -a?
a4
In base 7, what is -4 - -114?
110
In base 16, what is 21a - 1?
219
In base 13, what is 4 + 7?
b
In base 11, what is 27a9 + 0?
27a9
In base 16, what is -316 - 8?
-31e
In base 4, what is -1 - -210?
203
In base 16, what is 3b + 5?
40
In base 15, what is 1 - -e?
10
In base 14, what is 3a - 3?
37
In base 9, what is 71 - -3?
74
In base 14, what is 0 - 75?
-75
In base 3, what is 11 - 10201?
-10120
In base 3, what is -1020 - 0?
-1020
In base 12, what is -28 - 3a?
-66
In base 9, what is -5 + -376?
-382
In base 10, what is -485 + -14?
-499
In base 11, what is -2 + 449?
447
In base 7, what is -200 + 26?
-141
In base 12, what is 5 - -364?
369
In base 7, what is -15 - 3?
-21
In base 13, what is -1b0 - 0?
-1b0
In base 15, what is -1 - -92?
91
In base 4, what is -1 - 210?
-211
In base 13, what is -6 - -56?
50
In base 9, what is 51 - 2?
48
In base 14, what is -3d - -45?
6
In base 3, what is -1 + 222201?
222200
In base 6, what is -1435 + 2?
-1433
In base 6, what is -2 + -204?
-210
In base 9, what is -4 + 761?
756
In base 4, what is -2013202 - -1?
-2013201
In base 12, what is -5 - 5?
-a
In base 7, what is -5 - -4034?
4026
In base 6, what is -2242 - -3?
-2235
In base 9, what is 32 - -310?
342
In base 3, what is -121 - -1211110?
1210212
In base 9, what is 0 + 202?
202
In base 4, what is 11 - -331?
1002
In base 7, what is 1023 - -42?
1065
In base 16, what is 1b + 1?
1c
In base 4, what is -10 - -11032?
11022
In base 2, what is -11 - 11?
-110
In base 10, what is -7 + -5?
-12
In base 10, what is 1 - 70?
-69
In base 13, what is 4 - 122?
-11b
In base 10, what is -10 - 223?
-233
In base 14, what is 89 + -5?
84
In base 4, what is -113 + -3313?
-10032
In base 3, what is 2111 + -20?
2021
In base 3, what is 10122 - 102?
10020
In base 10, what is -1 - 374?
-375
In base 11, what is 26 + 186?
201
In base 11, what is 0 + -683?
-683
In base 14, what is 16d + -4?
169
In base 4, what is 121 + -11?
110
In base 7, what is -115 + 15?
-100
In base 13, what is 6 + -9c?
-96
In base 7, what is -20 - -351?
331
In base 11, what is 482 + 20?
4a2
In base 13, what is -5ac - 5?
-5b4
In base 4, what is -123320 + -1?
-123321
In base 13, what is -13 - c8?
-10b
In base 3, what is -2201001 - -12?
-2200212
In base 13, what is 19 + b?
27
In base 5, what is -201 - 321?
-1022
In base 3, what is 1200 + -1120?
10
In base 12, what is -1 + 30?
2b
In base 6, what is 4 + 5?
13
In base 7, what is -10 - 31?
-41
In base 4, what is -2310 - -3?
-2301
In base 16, what is 12e + -5?
129
In base 16, what is -19f + 5?
-19a
In base 9, what is -224 + 32?
-182
In base 10, what is 345 + -1?
344
In base 5, what is 11 + -4304?
-4243
In base 13, what is -108 + 3?
-105
In base 5, what is -10 - -3232?
3222
In base 2, what is -10110000100101 + 0?
-10110000100101
In base 6, what is 133 - -412?
545
In base 3, what is -11 + 20?
2
In base 9, what is 60 - 348?
-278
In base 7, what is 4412 + -3?
4406
In base 9, what is 1343 + -14?
1328
In base 3, what is -1200 - 210?
-2110
In base 15, what is -2d + -14?
-42
In base 4, what is -1 + -1111322?
-1111323
In base 3, what is 12011 - 200?
11111
In base 8, what is -3 - 624?
-627
In base 15, what is 2 + -3a?
-38
In base 8, what is -334 + -3?
-337
In base 6, what is -4 - 530?
-534
In base 3, what is -20 - -100102?
100012
In base 10, what is 2 + -1016?
-1014
In base 5, what is 240 + -11?
224
In base 16, what is -11 - 2?
-13
In base 6, what is -133 + 4?
-125
In base 15, what is -3 - -6c7?
6c4
In base 16, what is -13 - 8?
-1b
In base 4, what is -1210 + 3?
-1201
In base 16, what is -66 + 2?
-